 l(a) = -2*o(a) - u(a). Let j be l(9). Let q = 92 - j. What is the tens digit of q?
5
Let s(l) = 2*l**2 - 8*l + 19. Let z be s(10). Suppose 139 = 2*g - z. Let w = -89 + g. What is the units digit of w?
0
Suppose -y = -3*x - 20121, 15*x = 3*y + 18*x - 60447. What is the ten thousands digit of y?
2
Let a(j) = 240*j + 40. Let n be 6 - (8 + (-56)/8). What is the tens digit of a(n)?
4
Let a = -410 - -600. Suppose a = -64*d + 69*d. What is the units digit of d?
8
Suppose 0*o = 4*o + 3*k + 33, 3*k = 15. Let j be (-9 - -1)*(-3)/o*-4. Suppose 2*g + 0 = j, 274 = 2*q + 5*g. What is the tens digit of q?
2
Let o = 24553 + 7317. What is the thousands digit of o?
1
Let z(w) = -13*w**2 + 142*w - 12. Let x(l) = 6*l**2 - 71*l + 7. Let h(b) = 7*x(b) + 3*z(b). What is the units digit of h(26)?
5
Let j(d) = d**3 + 7*d**2 + 8*d + 14. Let h be j(-6). Suppose -1136 = -a + 4*g, -3*a + 0*a = h*g - 3352. What is the units digit of a?
0
Let d(r) = 2*r - 2. Suppose 5*n - 3*a - 2*a = 40, -5*n + 76 = 4*a. Suppose -7*q + n = -q. What is the units digit of d(q)?
2
Let f(m) = m**3 - 6*m**2 - 6*m - 3. Let h be f(7). Suppose -h*g = 2*s - 6, s + 15 = 6*s + 5*g. Suppose 0*u + s*u - 117 = 0. What is the units digit of u?
9
Let u(d) = -2 - 10 - 11 + 3*d**2 + 31*d + 3*d**2. What is the units digit of u(-13)?
8
Suppose -5*r + 16 = 4*a, a - 5*r = -0*a + 4. Suppose -16 = a*y, 3*o - 3*y - 41 = -y. Suppose -7*s = -o*s + 52. What is the tens digit of s?
1
Let o = -5 - -3. Let h(q) = -9*q**2 - 5*q + 65. Let c be h(4). What is the units digit of 2*(c/o + 2)?
3
Suppose 5*h + 3*t = 141327, 58*h - t + 197845 = 65*h. What is the ten thousands digit of h?
2
Let x(i) be the second derivative of 2*i**4 + 11*i**3/6 - 41*i**2/2 - 3*i + 10. What is the units digit of x(4)?
7
Let v = 127 - 57. Suppose 3*r + 2 = r - 4*j, -5*j = -5*r + v. What is the units digit of 794/6 + 2/r*3?
3
Let t(v) be the first derivative of v**4/4 + 4*v**3 - 5*v**2 - 14*v - 5. Let q be (-163)/15 - 4/180*6. What is the tens digit of t(q)?
1
Let p(r) = r**2 - 9*r - 3. Let g be p(10). Let a be (-15)/(-9)*-3 + g. Suppose -a*b - 4*y + 301 = -9*y, -2*y + 404 = 3*b. What is the tens digit of b?
3
Suppose -2*x + k = -135, -16 = 3*x + 5*k - 199. Suppose 0 = -4*w + 542 + x. What is the tens digit of w?
5
Let p(v) = v**3 + 3*v**2 - 39*v + 110. What is the tens digit of p(10)?
2
Let q = -3246 + 5983. What is the hundreds digit of q?
7
Suppose -364*o + 2312907 = -163*o. What is the tens digit of o?
0
Let p = -35 + 40. Suppose 6*n + p - 29 = 0. Suppose -32 = -3*g + n. What is the units digit of g?
2
Suppose -2*z + 5*p = -0*p - 362, -z - 2*p = -208. What is the tens digit of z?
9
Let a be ((-41)/4*2)/(3/6). Let n = a - -47. Suppose -73 = -n*s + 131. What is the units digit of s?
4
Let j(y) = -y**3 - 10*y**2 + 5*y + 2. Let c be j(-5). Let n = -126 - c. What is the tens digit of n?
2
Let k(w) = 292*w**2 - 7*w - 5. Let v be k(-2). Suppose v = 9*l - 65. What is the units digit of l?
8
Suppose -5*g - 324 = -2*f, 4*f + 2*g = g + 604. Suppose -1726 = -5*s - 521. Let r = s - f. What is the units digit of r?
9
Let p be (0 - 49/7)*-65. Suppose p = r + 4*f, r + 3*f = 21 + 439. What is the tens digit of r?
7
Let l = 2030 - 1980. Suppose -5*w = 95 - 0. Let q = l + w. What is the tens digit of q?
3
Suppose m = -4*f + 5*m + 12392, 2*f + 5*m - 6224 = 0. What is the thousands digit of f?
3
Let d = 107 - 98. Suppose 5*z = -2*u + d*z + 1748, -u - 4*z = -850. What is the hundreds digit of u?
8
Let g = 289 + -513. Let a = g - -629. What is the units digit of a?
5
Suppose -1052*t = -1056*t + 12. Suppose 2*j - 355 = t*u - 4*u, -5*j + 1063 = 3*u. What is the units digit of u?
1
Suppose -62*y - 198*y = -3310523 - 677617. What is the tens digit of y?
3
Let j = -440 + 725. What is the tens digit of j?
8
Suppose 125*i - 2385720 = -193*i + 102*i. What is the thousands digit of i?
1
Let b = -4591 - 5027. What is the tens digit of (1 - (-1 + 1))/((-21)/b)?
5
Let j(p) = p**2 + 16*p + 61. Let m be j(-5). Suppose 0 = m*s - 3642 - 3786. What is the tens digit of s?
3
Let f = 576 + -501. Suppose -f*s = -82*s + 2191. What is the hundreds digit of s?
3
Let z = 6288 - 565. What is the units digit of z?
3
Let r be 4*((-135)/(-120) + 2/16). What is the tens digit of (r - (-395)/(-2))*24/(-7)?
6
Let c = 88352 + -60229. What is the tens digit of c?
2
Suppose 49011*q - 5928 = 49003*q. What is the hundreds digit of q?
7
Let g be (4/2)/(34/85). Suppose 2809 = 4*v + g*h, -5*v + 2*h + 3873 = 403. What is the tens digit of v?
9
Let w be 2 - 14/8 - (-171)/36. Suppose -358 = -w*l + z + 307, -665 = -5*l + 2*z. Suppose -f = -2*q + l, -19 - 1 = -4*f. What is the units digit of q?
9
Suppose 5*j + 12396 = 5*x + 59796, -5*j - 4*x + 47409 = 0. What is the hundreds digit of j?
4
Let z be 5 + (-6)/(-12)*-694. Suppose 3*l = 8*l + 915. Let d = l - z. What is the tens digit of d?
5
Suppose 0 = -5*n - 3*t + 749, -5*n - 260 = -2*t - 1019. Let f = 348 + n. What is the hundreds digit of f?
4
Let h(t) be the second derivative of -t**5/20 + 3*t**4/4 + 3*t**3/2 - 2*t**2 - 245*t. What is the tens digit of h(6)?
5
Suppose 2*k + 50577 = 3*c, -c + 5*k + 16863 = 3*k. What is the hundreds digit of c?
8
Let z be ((-8)/(-26))/((-26)/(-169)). Suppose z*h - 2*y - 91 = 43, -h + 55 = 3*y. What is the tens digit of h?
6
Let b(q) = -2 + 0*q**2 + 0*q**2 + q**2. Let y be b(-10). Let u = 145 - y. What is the tens digit of u?
4
Let r(h) = -4*h**2 - 131*h + 19. Let m be r(-22). Let v = 325 + m. What is the hundreds digit of v?
2
Suppose -4*t + 87724 = -6*d, -4*d + 87684 = -25*t + 29*t. What is the thousands digit of t?
1
Suppose -139*b - 3883 = -150*b. Suppose 5*d = u - b, 443 = 5*u - 5*d - 1302. What is the units digit of u?
8
Let l(d) = 144*d + 10. Let t = 40 + -36. Let o be l(t). Suppose 5*y - o = -2*n, -79 = -y - 4*n + 49. What is the hundreds digit of y?
1
What is the ten thousands digit of 1/((4/12)/((1054731/(-9))/(-17)))?
2
Suppose -5*p + 9*p - z = 101139, 50583 = 2*p - 5*z. What is the units digit of p?
4
Let d(q) be the first derivative of 4*q**3 + 3*q**2 - 2*q - 12. Let a = -62 - -59. What is the units digit of d(a)?
8
What is the tens digit of (3 - 14) + 27 - -15107?
2
Suppose -67*z + 187569 + 52009 = -1014394. What is the tens digit of z?
1
Let n(w) = 4 + 2*w + w**2 - 16 - w**3 + 14. Let l be n(4). Let y = l + 158. What is the units digit of y?
0
Suppose -37*j - 59*j = 2*j - 357700. What is the hundreds digit of j?
6
Let h = -65 - -65. Let p be (4 + h)/(4/4). What is the units digit of (-680)/(0 - p) - 0?
0
Suppose -5*b - 10 = 0, -6*i = -3*i - 5*b - 162790. What is the tens digit of i?
6
Let q = 90631 - 61461. What is the units digit of q?
0
Let q = -251 - -237. Let v(x) = x**3 + 13*x**2 - 23*x - 16. What is the hundreds digit of v(q)?
1
Let s = -2133 - -5129. Suppose -5*x + s = 976. Suppose 100 = 8*b - x. What is the units digit of b?
3
Suppose 0 = 2*y - 4*m - 6, 0*m = -4*y + 4*m + 20. Suppose y = -4*g - 1. What is the tens digit of (-84)/(-49)*(-14)/g?
1
Let f(s) = 58*s + 3930. What is the hundreds digit of f(0)?
9
Let r(f) = -11*f - 83. Let j be r(13). Let w = j + 614. What is the units digit of w?
8
Let p(n) = 2190*n + 2950. What is the ten thousands digit of p(14)?
3
Let w(l) = -l**3 - l + 1. Let u(a) = 5*a**3 - 2*a**2 + 6*a - 5. Suppose 2 = -7*d + 9*d. Let g(t) = d*u(t) + 4*w(t). What is the units digit of g(2)?
3
Suppose 0 = -4*q + 65*q - 866871. What is the units digit of q?
1
Let r = -24 - -25. Let v be ((-308)/56)/(r/(-6)). Suppose -v*l = -32*l - 57. What is the units digit of l?
7
Let l be (10 + -1562)*(-45)/6. What is the tens digit of 0 - (l/(-25) - (-2)/(-5))?
6
Let b = -256 - -472. What is the tens digit of (b/96 - 5/(-4))*14?
4
Let h = 247 + -379. Let s be h/(-24) - 3/2. Suppose 2*i - 86 - 52 = -s*f, -4*i - f = -297. What is the tens digit of i?
7
Let g = 2 - -1. Suppose -5*i = -5*y + 41 - 11, 24 = -y - 4*i. Suppose 2*c + 263 = -2*s + 7*s, y = g*s - c - 158. What is the units digit of s?
3
What is the units digit of (-26*9746/36 - 206/927)/(-1)?
9
What is the hundreds digit of (154/(-231))/(3/40*(-4)/3006)?
6
Suppose 0 = 4*g - 17 - 3. Let i = g - 1. Suppose -2*r - 92 = -i*n, 4*n - 3*n - 17 = -r. What is the tens digit of n?
2
Suppose o + 4*i = 5158, 11*o + 20697 = 15*o + 3*i. What is the hundreds